 342?
6
Calculate the greatest common factor of 18 and 30249.
9
What is the highest common factor of 372 and 96?
12
What is the greatest common factor of 17 and 527?
17
What is the greatest common factor of 100 and 650?
50
What is the greatest common factor of 1681 and 41?
41
What is the highest common divisor of 1276 and 464?
116
What is the highest common divisor of 4573 and 17?
17
Calculate the highest common factor of 1734 and 102.
102
Calculate the highest common divisor of 320 and 16.
16
What is the highest common divisor of 70 and 25165?
35
Calculate the greatest common factor of 3371 and 1.
1
What is the highest common factor of 8 and 496?
8
Calculate the greatest common divisor of 58140 and 20.
20
What is the highest common divisor of 86 and 7439?
43
Calculate the greatest common factor of 473 and 43.
43
Calculate the greatest common factor of 1539 and 57.
57
Calculate the highest common divisor of 159 and 3.
3
Calculate the greatest common factor of 12470 and 232.
58
Calculate the greatest common factor of 10 and 230.
10
Calculate the greatest common factor of 1280 and 50.
10
What is the greatest common divisor of 290 and 58?
58
What is the highest common factor of 19 and 57?
19
What is the highest common divisor of 95 and 475?
95
Calculate the greatest common divisor of 13 and 12818.
13
Calculate the highest common divisor of 3143 and 12123.
449
What is the highest common factor of 42 and 3549?
21
Calculate the highest common divisor of 66 and 693.
33
Calculate the greatest common divisor of 732 and 372.
12
Calculate the highest common factor of 230 and 184.
46
What is the highest common factor of 833 and 245?
49
Calculate the greatest common divisor of 276 and 300.
12
What is the greatest common divisor of 1 and 125?
1
Calculate the highest common factor of 1875 and 1410.
15
What is the greatest common factor of 19847 and 178?
89
What is the highest common factor of 5782 and 14?
14
What is the highest common divisor of 31 and 62?
31
Calculate the greatest common divisor of 114 and 12825.
57
What is the highest common divisor of 258 and 129?
129
What is the greatest common divisor of 84 and 36?
12
Calculate the greatest common divisor of 36 and 132.
12
Calculate the greatest common divisor of 44 and 194.
2
Calculate the greatest common factor of 27 and 34533.
27
What is the greatest common factor of 968 and 22?
22
What is the highest common factor of 1512 and 5208?
168
Calculate the highest common divisor of 253 and 184.
23
What is the greatest common factor of 62 and 2?
2
Calculate the greatest common divisor of 15 and 6.
3
What is the highest common factor of 3 and 1779?
3
What is the highest common factor of 10361 and 13?
13
What is the greatest common divisor of 2533 and 68?
17
Calculate the greatest common factor of 14 and 32.
2
Calculate the highest common factor of 32 and 928.
32
What is the greatest common divisor of 104 and 2106?
26
What is the highest common divisor of 9617 and 163?
163
What is the greatest common factor of 35 and 875?
35
What is the highest common divisor of 5549 and 31?
31
Calculate the highest common divisor of 1457 and 31.
31
Calculate the highest common divisor of 371 and 265.
53
What is the greatest common factor of 418 and 38?
38
What is the highest common divisor of 112 and 192?
16
What is the highest common factor of 1191 and 9?
3
Calculate the highest common divisor of 10699 and 65.
13
Calculate the greatest common divisor of 272 and 85.
17
Calculate the greatest common divisor of 50 and 2.
2
What is the highest common factor of 490 and 70?
70
Calculate the highest common divisor of 676 and 52.
52
What is the greatest common factor of 24 and 1308?
12
What is the highest common divisor of 1575 and 1935?
45
Calculate the greatest common divisor of 6 and 12.
6
What is the highest common factor of 110 and 7205?
55
Calculate the greatest common factor of 37 and 10.
1
Calculate the highest common factor of 12 and 1164.
12
What is the greatest common factor of 53 and 2756?
53
Calculate the highest common factor of 620 and 10.
10
What is the greatest common divisor of 200 and 25?
25
Calculate the greatest common factor of 357 and 136.
17
Calculate the greatest common factor of 61 and 1525.
61
Calculate the highest common divisor of 5560 and 50.
10
Calculate the highest common divisor of 22513 and 94.
47
What is the highest common divisor of 288 and 160?
32
Calculate the highest common factor of 273 and 49.
7
Calculate the highest common divisor of 18 and 153.
9
What is the greatest common divisor of 2263 and 62?
31
Calculate the greatest common divisor of 1182 and 48.
6
What is the greatest common factor of 63 and 392?
7
What is the highest common divisor of 222 and 6?
6
What is the highest common divisor of 3780 and 9?
9
Calculate the highest common factor of 123 and 41.
41
What is the greatest common divisor of 34 and 28118?
34
What is the greatest common factor of 260 and 60?
20
Calculate the greatest common factor of 4 and 245.
1
What is the greatest common factor of 180 and 450?
90
Calculate the highest common divisor of 2408 and 280.
56
What is the greatest common divisor of 1728 and 378?
54
What is the highest common factor of 63 and 1701?
63
What is the greatest common factor of 69 and 6?
3
Calculate the highest common factor of 12 and 4068.
12
What is the highest common factor of 140 and 105?
35
What is the greatest common factor of 39 and 1911?
39
What is the highest common divisor of 37 and 3?
1
Calculate the highest common factor of 17 and 187.
17
Calculate the greatest common divisor of 22 and 99.
11
What is the highest common factor of 204 and 72?
12
What is the greatest common factor of 12069 and 405?
81
What is the greatest common divisor of 117 and 39?
39
Calculate the highest common factor of 26078 and 52.
26
What is the greatest common factor of 1680 and 12?
12
What is the greatest common divisor of 34 and 9894?
34
Calculate the greatest common divisor of 12 and 32892.
12
What is the highest common divisor of 2183 and 59?
59
What is the highest common factor of 35 and 301?
7
What is the highest common divisor of 1746 and 18?
18
What is the highest common factor of 560 and 1040?
80
Calculate the greatest common divisor of 540 and 2020.
20
What is the highest common factor of 86 and 8686?
86
What is the highest common factor of 84 and 420?
84
What is the highest common divisor of 480 and 285?
15
What is the highest common divisor of 50286 and 58?
58
What is the highest common factor of 100 and 8?
4
What is the highest common factor of 238 and 5831?
119
Calculate the highest common factor of 765 and 18.
9
What is the greatest common divisor of 1374 and 6?
6
What is the greatest common factor of 20 and 5620?
20
Calculate the greatest common divisor of 4416 and 69.
69
Calculate the highest common divisor of 382 and 5921.
191
Calculate the greatest common divisor of 9096 and 24.
24
What is the highest common divisor of 1106 and 7?
7
What is the highest common factor of 141 and 123?
3
Calculate the greatest common divisor of 124 and 217.
31
What is the greatest common factor of 247 and 208?
13
Calculate the greatest common factor of 423 and 47.
47
What is the highest common divisor of 99 and 693?
99
What is the greatest common divisor of 10 and 41060?
10
What is the highest common factor of 33 and 418?
11
Calculate the greatest common divisor of 559 and 143.
13
Calculate the highest common factor of 514 and 2.
2
What is the highest common factor of 351 and 78?
39
Calculate the highest common divisor of 172 and 17673.
43
What is the greatest common factor of 6324 and 310?
62
What is the greatest common divisor of 240 and 30?
30
Calculate the highest common divisor of 3264 and 960.
192
Calculate the greatest common divisor of 27 and 5625.
9
What is the highest common factor of 6 and 6?
6
What is the highest common divisor of 10 and 855?
5
What is the greatest common divisor of 3650 and 146?
146
Calculate the greatest common factor of 768 and 24.
24
What is the highest common divisor of 20 and 365?
5
What is the greatest common divisor of 12 and 276?
12
Calculate the greatest common divisor of 3636 and 18.
18
What is the greatest common factor of 1072 and 400?
16
What is the highest common 